2 - 2*f + 1. Suppose -3*b - c - 3*c - 2 = 0, -4*b + c + 10 = 0. Let p be j(b). Determine w(p).
4
Suppose 0 = 4*j + 8 + 4. Let l = 6 + j. Let g be (0 + l + -5)*2. Let c(p) = -p + 1. What is c(g)?
5
Let g(a) be the third derivative of a**7/840 + a**6/72 + a**5/40 - a**4/6 - a**3/2 - 2*a**2. Let q(z) be the first derivative of g(z). Give q(-4).
0
Let s(h) be the third derivative of -h**6/30 - h**5/60 + h**4/12 - h**3/6 - 6*h**2. Let g(c) = -c - 4. Let n be g(-5). What is s(n)?
-4
Suppose -4*c + 3*s = -8*c - 12, -c - s - 4 = 0. Suppose -3*l + 12 = c, n + 4*n - 11 = -4*l. Let z(v) = -7*v**2 + v + 1. Determine z(n).
-7
Let d(z) be the first derivative of -z**4/12 - z**3 - 3*z**2/2 + 7*z - 1. Let i(m) be the first derivative of d(m). Determine i(-6).
-3
Let f(m) = m**3 - 1. Let a be 1/(3 + 8/(-3)). Let h(k) = -2*k**3 + 11 + 0*k**3 + 6*k + 6*k**2 - a*k**3. Let s(y) = 6*f(y) + h(y). Calculate s(-5).
0
Let m(z) = z**3 - 5*z**2 - 3. Let k(a) = -a - 2. Let g be k(-6). Suppose -4*p - g*w = -3*p + 11, -2*w - 23 = -3*p. Determine m(p).
-3
Let p(t) = t**3 + t**2 + t + 1. Let y be p(-1). Let a(o) = 4*o - 6. Let b(s) = s. Let u(d) = -a(d) + 3*b(d). Calculate u(y).
6
Let j(o) be the first derivative of o**5/60 - o**4/12 - o**3 + 5*o**2/2 - 5. Let h(y) be the second derivative of j(y). What is h(5)?
9
Let q(x) = -2*x - 13. Let o(p) = p + 9. Let d(m) = -8*o(m) - 5*q(m). Suppose -5*k = 5*u - 8 - 17, 4*u - 3*k - 34 = 0. Calculate d(u).
7
Let l(t) = t + 5. Let x be l(-4). Suppose s + x - 5 = 0. Let v(o) = 3*o + 1. What is v(s)?
13
Let j be (12/90)/((-4)/(-5)). Let k(q) be the second derivative of -j*q**3 + 0 + q**2 - 5/12*q**4 + q - 1/20*q**5. Give k(-2).
-8
Let m(u) = 15*u**2 + 5*u - 19. Suppose 7*c - 10*c + 18 = 0. Let v(g) = 7*g**2 + 2*g - 9. Let f(p) = c*m(p) - 13*v(p). What is f(4)?
3
Let l be 1*(-1 + -3) + 6. Let g(c) = 0 - 1 - 2 + 3*c - c**3 - 3*c**2 + 2*c**2. Determine g(l).
-9
Let z(f) = 5*f**3 + f. Suppose -20 = -2*v - 18*v. What is z(v)?
6
Let n(j) be the first derivative of -j**3/3 + 2*j - 1. Let h be 8/5 - 9/15. Let b = -1 - h. What is n(b)?
-2
Let q be 1*2/(-6)*-3. Let c(u) = 2*u - 5 + 3 - q + 0*u. Give c(5).
7
Let q be 5/1*6/15. Let v(o) = -2*o + 13. Let u be v(6). Let k(d) = 2 - q - 2*d**2 + u. Give k(2).
-7
Let a = -17 - -6. Let w = a - -8. Let t(i) = -i**3 - 3*i**2 - 3*i - 4. What is t(w)?
5
Let x(r) = -3*r - 2. Let l(m) = 1. Let i(h) = 5*l(h) - x(h). Calculate i(-5).
-8
Let c = 2 - 5. Let n(b) = -b**2 - 2*b - 3. Calculate n(c).
-6
Let h(o) be the second derivative of -2/3*o**3 - 1/8*o**4 - o + 0*o**2 + 0 + 1/60*o**5. Let p(b) be the second derivative of h(b). What is p(-3)?
-9
Let l(z) = -z - 5. Let n = -6 + 6. Determine l(n).
-5
Let y(b) = -b + 2. Suppose -7*x + 5*x = -20. Let o = x - 12. Determine y(o).
4
Suppose 8*k - 12 = 6*k. Let l(s) = -s**3 + 7*s**2 - 7*s + 8. Determine l(k).
2
Let k(s) = -s**3 + s**2 - 3*s. Let c(h) = -h - 2 + h**3 + 6 + h**2 - 5. Let d be (2/5)/(1/(-5)). Let r(j) = d*c(j) - k(j). Calculate r(-4).
-2
Let f(k) = -5*k - 28*k**3 - 3*k**2 - 4*k**2 + 27*k**3 + 2. What is f(-5)?
-23
Suppose 3*d + 27 = 4*b, 2*d + 0*b = b - 13. Let n(j) be the third derivative of j**5/60 + 5*j**4/24 + j**3/3 - j**2. Give n(d).
2
Let z(w) = w**2 - 7*w. Let k be z(6). Let h = -3 - k. Let b(r) = r**2 - 3*r - 1 - 4*r + h + 4. Determine b(4).
-6
Let p(b) = -2*b**2 + b. Let m be (-2)/(-4)*(2 - -4). Suppose -a + 3 = -c + 2*c, -3*a + 3*c - m = 0. Let j = a + -3. Determine p(j).
-10
Let q(p) = -3*p + 3. Let n be 4/(-3) + 12/(-18). Let z = n + 4. Let s be q(z). Let f(r) = -r**3 - 4*r**2 - r - 1. Determine f(s).
-7
Suppose u = -y + 7 - 0, 4*u - 13 = -y. Let a(m) = -9 - 5*m + u + m**3 + 4 - 4*m**2 + 7. Determine a(5).
4
Let f(v) = 3*v + 8*v - 4*v**2 - 4*v + 2. Let b(q) = -q**2 - 1. Let z(n) = -5*b(n) + f(n). Let r(l) = -l. Let i be r(5). Calculate z(i).
-3
Let d(q) be the first derivative of 4*q**2 - 4 - 3*q - 1/3*q**3. Calculate d(5).
12
Suppose 3*g + 16 = -2. Let z(q) = q**3 - 4*q**2 - 1. Let l(m) = -m**3 + 4*m**2 + 1. Let y(p) = g*z(p) - 7*l(p). Calculate y(4).
-1
Let g(q) = -2*q**2 - q + 3. Let h(o) = -o**2 + o + 1. Let b(n) = -g(n) + 3*h(n). Let i = 9 + -6. Suppose 5 + 1 = i*r. What is b(r)?
4
Let h(t) be the third derivative of t**6/120 + t**5/60 + t**3/6 - 10*t**2. Determine h(0).
1
Suppose 0*u = 7*u - 56. Let h(z) = z**3 - 8*z**2 - 2*z + 8. Determine h(u).
-8
Let m(r) = r**3 + 6*r**2 - 4. Let d(f) = -7*f**2 - 4*f - 3. Let v be d(-1). Give m(v).
-4
Let g(u) = u**2 - 5*u - 7. Let t be 16/(-6)*6 + 2. Let v = t - -19. Give g(v).
-7
Let n = 28 + -23. Let b(i) be the second derivative of i**3/3 - i**2/2 - i. What is b(n)?
9
Let k(l) = l. Let u be 2 + -12 + 4 + 0. Calculate k(u).
-6
Let a = -10 + -5. Let k(r) = -r**2 - 15*r - 2. Let h be k(a). Let u(d) = -2*d + 1. Determine u(h).
5
Suppose 0 = -x + 6*d - 2*d + 49, 70 = 2*x - d. Let i = 29 - x. Let c(k) be the third derivative of -k**4/24 - 2*k**3/3 - k**2. Determine c(i).
0
Let b(j) = -j - 40 - 45 + 93. Let w be (-6)/(-4)*10/3. Calculate b(w).
3
Let f(w) be the second derivative of w**3/6 + 5*w**2/2 - 3*w. Let z be ((-9)/(-6))/((-3)/(-4)). Suppose -7*a = -z*a. Determine f(a).
5
Let q(p) = -p - 1. Let o(z) = z**2 - 5*z + 3. Let t(j) = -o(j) - q(j). What is t(6)?
-2
Let m(c) = c**3 - 2*c**2 + c - 2. Let k be -2 + 2/(-3)*-6. Suppose -4*l + 4 = -k*l. Let w be m(l). Let v(z) = z**2 - z - 3. Determine v(w).
-3
Suppose 5*n - 8 = 2. Suppose 0 = -3*u + 8 - n. Let a(z) = u*z + z**2 - 3 - 2*z**2 + 0 + 6. Determine a(5).
-12
Let w(n) = 22*n - 16. Let g(t) = 7*t - 5. Suppose 2*x - 3*x = 0. Let q be (x + 1 - 2)*-5. Let k(b) = q*w(b) - 16*g(b). Determine k(-4).
8
Let s(a) = 2*a - 2. Suppose 3*p - 8 + 20 = 0. Give s(p).
-10
Let v be 175/14*(-4)/(-5). Let p be (-2)/(v/(-6) - -1). Let g(l) = -l - 4. Calculate g(p).
-7
Let x(d) = d. Let j = -18 - -42. Suppose -o = 3*o - j. What is x(o)?
6
Let n(h) = h - 6. Suppose 14 = 4*c - 26. Let m be n(c). Let q(o) = -o + 1. Let d(i) = 5*i - 4. Let v(w) = -d(w) - 4*q(w). What is v(m)?
-4
Let j(w) = 4*w**2 + w - 1. Suppose 9*i + 8 = 5*i. Calculate j(i).
13
Let b(v) = -v**2 + 6*v. Let p(o) = 9*o - 4. Let i be p(1). Calculate b(i).
5
Let o(q) = q**2 - 7*q - 3. Let z be 2*6/(-4) - (-7 - 4). Determine o(z).
5
Let r(d) = d**2 + 7. Let p(a) = a - 4. Let j be p(4). Let g be (-4 - -4)/(0 - 1). Let n = j + g. Determine r(n).
7
Let a(j) = -j**2 - 3*j - 2. Let n(x) = x**2 + 3*x - 8. Let f be n(-4). Determine a(f).
-6
Let w(v) be the second derivative of v**7/315 - v**6/720 + v**4/6 - v. Let t(z) be the third derivative of w(z). Suppose 2*x + 1 = 3*x. Determine t(x).
7
Let p(r) = 2*r**2 - 1 - 4 - 3*r - r**2. Suppose 4*q = 4*k - 9 + 1, -2*q = -4*k + 8. Suppose 2*y + 2*t - 7 = 9, 0 = -k*y + 3*t - 4. What is p(y)?
-1
Let c(r) be the first derivative of -3*r**4/4 - r**3 - 2*r**2 - 2*r + 12. Calculate c(-2).
18
Let g(m) be the third derivative of -m**5/120 + m**4/4 + m**3/2 + m**2. Let t(s) be the first derivative of g(s). Calculate t(6).
0
Let j(a) = a**2 + 4*a + 6. Let o(h) = -h - 1. Let c(r) = j(r) + 2*o(r). What is c(-3)?
7
Let w(a) = -a**2 + 7*a + 6. Let q be (-3 - 1)*(-5)/2. Suppose -15*d + q*d + 30 = 0. Determine w(d).
12
Let a(j) = -4 - j**3 + 3*j + 3*j**2 + 0*j**2 + 0*j**2. Suppose -2*y - 8 = -4*y. Calculate a(y).
-8
Let m be (3 - 13)*2/5. Let o(n) be the second derivative of -n**5/20 - n**4/3 + 2*n**3/3 + 3*n**2 - 4*n. Calculate o(m).
-10
Let b(f) be the third derivative of -f**6/20 + f**4/24 - f**3/6 - 5*f**2. Suppose 4*l + l = 0. Suppose 1 = -l*k + k. Give b(k).
-6
Let h(i) = 2*i + 1. Let o = -2 + 4. Let x be h(o). Suppose -3*f - x*s + 25 = 0, -5 = -f + 2*f - s. Let y(v) = -v**2 - v + 6. Calculate y(f).
6
Let s = -50 + 50. Let h(o) be the second derivative of -o**3/6 - 2*o**2 + o. Calculate h(s).
-4
Let m(o) = -7*o + 1. Let z(s) = -6*s + 1. Let r(d) = 4*m(d) - 5*z(d). Let b = -7 - -4. Let y(h) = -h + 1. Let w(a) = b*y(a) - 2*r(a). Calculate w(-4).
3
Let d(i) = -3*i + 5. Let m(y) = y + 1. Let w(u) = -d(u) - 2*m(u). Determine w(6).
-1
Let w(f) = f**2 + 2*f + 2. Let q(g) = 3*g**2 + 4*g + 4. Let r(x) = 2*q(x) - 5*w(x). Let l(z) = z**2 - 16*z - 2. Let c be l(16). Give r(c).
6
Let z(i) = -5*i - 4. Let j(h) = -h + 2. Let c be j(4). Determine z(c).
6
Suppose -3*a = -7*a + 4. Let v be (48/(-12))/(a -